-1).
14
Let r(v) = -3*v - 66. Determine r(-23).
3
Let u(i) = 2*i + 13. Calculate u(4).
21
Let o(y) = -4*y + 2. Determine o(3).
-10
Let i(v) = -3*v - 30. What is i(-12)?
6
Let t(s) = s + 18. Give t(-8).
10
Let o(j) = -3*j + 21. What is o(7)?
0
Let r(c) = -2*c**3 - 9*c**2 - 5*c - 2. Give r(-4).
2
Let b(k) = 213*k - 1711. Determine b(8).
-7
Let z(g) = g**2 + 71*g + 1211. Calculate z(-42).
-7
Let m(b) = -b**3 - 13*b**2 + 15*b - 18. Give m(-14).
-32
Let n(i) = 3*i**2 + 8*i + 4. Calculate n(-2).
0
Let m(y) = -y - 65. Determine m(-9).
-56
Let d(q) = q**3 + 4*q**2 - 3*q + 2. What is d(-4)?
14
Let h(p) = p**2 - 36*p + 319. What is h(19)?
-4
Let c(w) = -18*w - 32. What is c(-12)?
184
Let k(y) = -9*y + 12. Determine k(6).
-42
Let q(i) = -i - 6. Calculate q(-14).
8
Let m(k) = -2*k**2 - 13*k - 6. Calculate m(-6).
0
Let j(h) = -7*h - 216. Give j(-33).
15
Let c(h) = h**2 - 10*h + 15. Calculate c(8).
-1
Let s(g) = -g**2 + 6*g + 4. Give s(-4).
-36
Let z(m) = -2*m**2 + 26*m - 70. Calculate z(9).
2
Let r(u) = u**3 + 4*u**2 - 35*u - 13. Give r(-8).
11
Let f(o) = o - 9. Give f(8).
-1
Let i(k) = 14*k - 30. Calculate i(7).
68
Let r(o) = -o**2 - 13*o - 16. Give r(-12).
-4
Let p(s) = 7*s - 57. Give p(9).
6
Let y(f) = -2*f - 53. Give y(-26).
-1
Let r(d) = d**2 + 98*d - 513. Calculate r(5).
2
Let o(y) = y**3 - 8*y**2 + y - 5. Calculate o(8).
3
Let n(p) = 3*p + 21. Give n(12).
57
Let g(m) = m + 4. Determine g(-2).
2
Let n(p) = 3*p - 115. Determine n(20).
-55
Let n(u) = -u**3 + 7*u**2 - 2*u - 13. Calculate n(7).
-27
Let f(u) = 34*u - 2. What is f(0)?
-2
Let g(u) = u + 3. Calculate g(-16).
-13
Let y(t) = -2*t**3 + 12*t**2 + 17*t + 11. What is y(7)?
32
Let i(d) = d + 17. Determine i(20).
37
Let g(j) = 26*j - 3. Calculate g(-1).
-29
Let x(m) = 38*m + 648. Give x(-17).
2
Let j(f) = -f**3 + 4*f**2. What is j(2)?
8
Let w(u) = -3*u**2 + 50*u + 73. Give w(18).
1
Let u(q) = 130*q + 2. Determine u(-1).
-128
Let m(d) = d**3 + 14*d**2 + 14*d - 120. Calculate m(-12).
0
Let i(t) = -t**3 + 6*t**2 + 9*t + 10. Calculate i(8).
-46
Let o(r) = 43*r + 4. Calculate o(-2).
-82
Let q(i) = -2*i - 64. What is q(-31)?
-2
Let q(f) = 55*f**3 - 2*f + 1. Calculate q(1).
54
Let y(q) = q**2 + 11*q + 3. Determine y(-14).
45
Let t(n) = 2*n**3 - 8*n**2 + 2*n + 5. Calculate t(3).
-7
Let s(w) = w - 18. Determine s(7).
-11
Let y(p) = p**3 - p**2 + 2*p + 26. Determine y(0).
26
Let m(o) = 11*o**3 - o**2 - o - 1. Give m(-1).
-12
Let v(b) = -2*b**3 + 26*b**2 - 25*b + 7. Give v(12).
-5
Let a(w) = -w**3 - 3*w**2 - w + 6. Calculate a(-3).
9
Let w(u) = 20*u - 5. Calculate w(2).
35
Let j(g) = -48*g**2 + 237*g + 12. Determine j(5).
-3
Let t(j) = j**2 + 9*j + 12. Give t(-7).
-2
Let n(f) = f**2 + 2*f - 1. What is n(-3)?
2
Let s(i) = -i**3 - 5*i**2 + 2*i + 14. Give s(-6).
38
Let s(l) = -7*l + 4. Determine s(1).
-3
Let p(r) = -r**2 + 14*r + 16. Calculate p(8).
64
Let s(b) = 200*b - 1192. Give s(6).
8
Let l(i) = -i**2 + 68*i + 135. Give l(70).
-5
Let v(n) = -n**2 + 11*n - 35. Calculate v(9).
-17
Let z(x) = 2*x**2 + 18*x + 27. What is z(-2)?
-1
Let m(d) = -d**2 - d. What is m(4)?
-20
Let f(a) = -a**3 - 7*a**2 - a - 2. What is f(-5)?
-47
Let j(s) = -s**3 - 5*s**2 + 7*s + 8. Calculate j(-6).
2
Let g(v) = v**2 - 11*v + 12. What is g(10)?
2
Let m(a) = -8*a + 40. What is m(6)?
-8
Let h(o) = o**3 + 21*o**2 + 16*o + 44. Calculate h(-20).
124
Let l(s) = 4*s**3 + 24*s**2 - 3*s + 3. Calculate l(-6).
21
Let c(i) = -i**2 + 13*i - 61. Determine c(9).
-25
Let k(p) = p**3 - 10*p**2 + 22*p + 11. What is k(6)?
-1
Let z(r) = -11*r + 53. What is z(5)?
-2
Let u(n) = 6*n**2 - 48*n - 5. What is u(9)?
49
Let r(l) = l**3 + 8*l**2 + 6*l - 10. Determine r(-7).
-3
Let i(v) = 2*v - 9. Calculate i(6).
3
Let p(t) = -45*t + 1. Calculate p(1).
-44
Let b(g) = -3*g - 2. Give b(3).
-11
Let r(f) = f**2 - 5*f + 6. Determine r(5).
6
Let b(x) = -x - 2. Give b(4).
-6
Let t(q) = 2*q**2 - 83*q + 42. Determine t(41).
1
Let l(z) = -5*z + 3. Calculate l(-2).
13
Let u(j) = -20*j - 7. What is u(0)?
-7
Let g(d) = 2*d**2 - 10*d + 7. Calculate g(5).
7
Let w(k) = k**2 + k - 23. Calculate w(7).
33
Let g(b) = 8*b - 52. Give g(6).
-4
Let v(b) = -3*b - 19. What is v(-9)?
8
Let n(v) = 14*v - 30. What is n(4)?
26
Let k(q) = -q - 31. Calculate k(-22).
-9
Let t(w) = -40*w - 2. Calculate t(1).
-42
Let m(s) = -s + 3. What is m(-6)?
9
Let u(q) = q**2 - 9*q - 5. Give u(7).
-19
Let o(z) = 2*z + 14. Calculate o(-12).
-10
Let f(q) = q**3 + 8*q**2 + 2*q - 4. Give f(-7).
31
Let i(j) = j**2 - 25*j - 11. Calculate i(25).
-11
Let z(l) = -l**2 + 17*l + 16. What is z(18)?
-2
Let b(m) = m**3 + 8*m**2 - 9*m - 9. What is b(-9)?
-9
Let m(v) = -v**3 - 8*v**2 - v - 11. Calculate m(-6).
-77
Let u(a) = -a**2 - 5*a - 4. Determine u(-4).
0
Let u(k) = -k**3 - 19*k**2 + 3*k + 25. Calculate u(-19).
-32
Let g(d) = d**2 + 13*d + 15. Calculate g(-12).
3
Let o(t) = 11*t**2 - 1. Give o(-1).
10
Let x(g) = 5*g + 24. Determine x(-3).
9
Let z(f) = 2*f**3 - 4*f**2 + f + 2. Calculate z(2).
4
Let r(s) = -s**2 - 6*s - 6. Calculate r(-5).
-1
Let r(n) = -n**2 - 22*n - 15. Give r(-21).
6
Let i(q) = -q**2 - 28*q - 54. Calculate i(-27).
-27
Let l(d) = -d**3 - 9*d**2 - 2*d + 6. Give l(-2).
-18
Let a(v) = v**3 + 13*v**2 - v - 17. Give a(-13).
-4
Let a(j) = -j**2 - 51*j + 155. Give a(-54).
-7
Let u(d) = -d**3 + 5*d**2 - 6*d + 1. What is u(5)?
-29
Let k(t) = t**2 + 6*t - 10. Determine k(-6).
-10
Let g(b) = -78*b - 544. Determine g(-7).
2
Let g(p) = -p**3 + 18*p**2 - 21*p + 91. Give g(17).
23
Let i(q) = -71*q + 1280. Determine i(18).
2
Let z(p) = p**2 - 17*p + 22. What is z(16)?
6
Let g(o) = o**3 + 8*o**2 + 6*o + 1. Calculate g(-7).
8
Let n(l) = -l**3 + 14*l**2 + 2*l + 5. What is n(14)?
33
Let h(u) = 4*u**2 - 3*u + 9. Give h(4).
61
Let r(w) = -w**2 + 61*w + 187. What is r(-3)?
-5
Let p(b) = b**3 - 20*b**2 + 4. Calculate p(20).
4
Let s(r) = -107*r - 12. Determine s(-1).
95
Let h(x) = 10*x - 223. What is h(23)?
7
Let c(o) = o**3 - 5*o**2 - o + 5. Give c(5).
0
Let h(z) = z**2 - 4*z + 6. Determine h(5).
11
Let v(s) = 4*s + 51. Calculate v(-13).
-1
Let m(y) = y**3 + 17*y**2 - 2*y - 27. Determine m(-17).
7
Let x(g) = -2*g**2 - 26*g - 36. Determine x(-12).
-12
Let k(w) = -w**2 - 52*w - 264. Give k(-46).
12
Let h(a) = -a + 1. Determine h(-3).
4
Let z(n) = -n**3 - 7*n**2 - 6. Calculate z(-7).
-6
Let w(p) = -p**3 - 12*p**2 - 9*p + 27. Calculate w(-11).
5
Let j(n) = -n**2 + 13*n + 1. Calculate j(14).
-13
Let n(v) = 3*v**2 - 41*v + 53. Calculate n(12).
-7
Let t(l) = -l**2 - 28*l + 106. Determine t(-31).
13
Let i(b) = -10*b + 38. Determine i(22).
-182
Let i(z) = -z**3 - 11*z**2 + 9*z - 15. Determine i(-11).
-114
Let a(o) = o**3 + 2*o**2 - 5. Calculate a(-4).
-37
Let a(o) = -2*o**2 - 27*o + 7. What is a(-14)?
-7
Let b(d) = d**3 - 7*d**2 - 16*d + 52. What is b(8)?
-12
Let s(g) = 37*g - 918. What is s(25)?
7
Let z(r) = -r + 48. Calculate z(-11).
59
Let h(k) = k**2 + 10*k + 16. Give h(-13).
55
Let h(m) = -22*m + 20. Give h(-6).
152
Let l(f) = 8*f + 21. What is l(-5)?
-19
Let y(d) = d - 2. Calculate y(11).
9
Let z(b) = 10*b. Give z(4).
40
Let y(g) = 2*g + 29. Determine y(8).
45
Let d(v) = -v**3 - 6*v**2 - v - 2. Determine d(-6).
4
Let u(l) = -2*l + 57. Give u(9).
39
Let n(q) = 8*q**3 - 2*q**2 - 2*q + 2. Calculate n(2).
54
Let l(y) = 13*y + 111. Give l(-9).
-6
Let f(q) = -4*q**2 - 2*q. Determine f(-2).
-12
Let h(d) = -2*d**2 + 12*d - 25. What is h(10)?
-105
Let z(o) = 2*o**3 - 31*o**2 + 9*o + 90. What is z(15)?
0
Let s(t) = t**3 - 4*t**2 + 4*t + 1. Calculate s(3).
4
Let p(u) = -u**2 + 22*u - 15. Give p(21).
6
Let p(d) = 6*d**3 - d**2 - d. Calculate p(-1).
-6
Let n(o) = -9*o + 43. Give n(8).
-29
Let d(l) = l**3 - 20*l**2 + 19*l - 20. Determine d(19).
-20
Let v(w) = 8*w**3 - 34*w**2 - 3*w + 7. Give v(4).
-37
Let c(m) = -13*m + 39. Determine c(4).
-13
Let u(x) = -7*x**2 - 4*x - 4. Give u(-3).
-55
Let g(r) = -r**3 + 5*r**2 - 5*r + 2. Calculate g(4).
-2
Let i(x) = -x**3 + 2*x**2 + 11*x - 17. What is i(3)?
7
Let y(g) = g**3 - 6*g**2 - 4*g - 4. Calculate y(7).
17
Let q(a) = -6*a - 1. What is q(-3)?
17
Let g(z) = z**3 + 8*z**2 + 6*z + 131. Determine g(-9).
-4
Let m(b) = -b**2 - 8*b + 37. Calculate m(-11).
4
Let h(y) = y**3 + 2*y**2 - 3*y - 3. What is h(3)?
33
Let j(s) = s**2 + 14*s + 19. What is j(-9)?
-26
Let d(w) = -6*w + 54. Determine d(17).
-48
Let f